t common divisor of 6695 and 4849?
13
Calculate the highest common divisor of 2196 and 44595.
9
Calculate the highest common divisor of 49786 and 7502.
682
Calculate the greatest common factor of 114532 and 912.
76
Calculate the highest common factor of 79600 and 25.
25
What is the greatest common divisor of 398208 and 18?
6
What is the greatest common divisor of 92 and 94714?
46
Calculate the highest common divisor of 56 and 1487164.
28
Calculate the highest common factor of 2012 and 4270470.
1006
What is the greatest common factor of 20723 and 7429?
391
Calculate the greatest common factor of 43094 and 145.
29
Calculate the greatest common factor of 11260 and 40.
20
What is the highest common divisor of 363 and 198297?
33
What is the highest common divisor of 59455 and 7705?
115
What is the highest common divisor of 168 and 473354?
14
Calculate the highest common divisor of 10296 and 7436.
572
What is the highest common divisor of 1 and 454271?
1
Calculate the highest common divisor of 1056 and 1315248.
528
What is the greatest common factor of 131582 and 110?
22
Calculate the highest common divisor of 2430 and 50.
10
What is the greatest common divisor of 1558 and 1140?
38
What is the greatest common factor of 664204 and 282?
94
Calculate the greatest common divisor of 7111719 and 1539.
1539
What is the highest common divisor of 1060 and 5260?
20
Calculate the highest common factor of 801768 and 3.
3
What is the highest common factor of 244 and 291946?
122
Calculate the highest common factor of 478 and 3249683.
239
What is the greatest common factor of 1001 and 10868?
143
Calculate the highest common divisor of 7224 and 3108.
84
Calculate the highest common factor of 366 and 18.
6
What is the highest common factor of 5704 and 217?
31
Calculate the greatest common factor of 554 and 634.
2
What is the highest common factor of 10368 and 1584?
144
Calculate the highest common divisor of 17294 and 8.
2
What is the highest common factor of 27 and 500?
1
Calculate the highest common factor of 2016 and 6408.
72
Calculate the greatest common factor of 4994 and 12.
2
What is the highest common divisor of 25 and 153255?
5
Calculate the greatest common factor of 3400 and 9384.
136
Calculate the greatest common divisor of 1288 and 1270612.
644
Calculate the highest common factor of 16962 and 66.
66
Calculate the highest common divisor of 860 and 45070.
10
What is the greatest common factor of 1350 and 3088350?
450
Calculate the greatest common factor of 3 and 1292871.
3
Calculate the highest common divisor of 10088 and 22243.
13
What is the greatest common factor of 129 and 18966?
3
Calculate the highest common divisor of 32794 and 114.
38
What is the highest common divisor of 232 and 71804?
116
What is the highest common factor of 1139 and 323811?
67
What is the greatest common factor of 721 and 1015?
7
Calculate the greatest common divisor of 377 and 284297.
13
Calculate the greatest common divisor of 232688 and 16.
16
Calculate the highest common factor of 372 and 6386.
62
What is the highest common divisor of 6039 and 15189?
183
Calculate the greatest common divisor of 26 and 97422.
26
Calculate the highest common divisor of 144 and 1737.
9
What is the greatest common divisor of 2754 and 438498?
306
Calculate the greatest common factor of 168 and 294924.
84
Calculate the highest common divisor of 13298 and 1199.
109
What is the greatest common divisor of 4928 and 413248?
704
What is the greatest common factor of 10 and 3110?
10
What is the highest common divisor of 728775 and 25?
25
What is the greatest common divisor of 150 and 135570?
30
Calculate the highest common divisor of 2729882 and 398.
398
What is the greatest common factor of 544597 and 38?
19
What is the greatest common divisor of 2119671 and 36?
9
What is the greatest common divisor of 110957 and 3?
1
Calculate the greatest common divisor of 111397 and 9922.
451
What is the greatest common divisor of 11682 and 590?
118
Calculate the highest common divisor of 1284 and 122622.
642
Calculate the highest common factor of 9348 and 246.
246
Calculate the greatest common factor of 137940 and 2964.
228
What is the greatest common factor of 783 and 405?
27
Calculate the highest common divisor of 13 and 106522.
13
What is the greatest common factor of 3243 and 94?
47
What is the greatest common divisor of 13636 and 280?
28
What is the highest common divisor of 4812 and 98820?
12
What is the highest common factor of 5603 and 39?
13
Calculate the greatest common factor of 108445 and 410.
205
What is the highest common factor of 3710 and 16642?
106
Calculate the greatest common factor of 2354 and 14445.
107
What is the highest common divisor of 820836 and 216?
36
What is the highest common factor of 1059117 and 6783?
969
Calculate the highest common divisor of 385 and 31130.
55
Calculate the greatest common factor of 8055 and 3096.
9
Calculate the highest common divisor of 142 and 194.
2
Calculate the highest common divisor of 66 and 1400982.
66
Calculate the greatest common divisor of 37334 and 50.
2
What is the greatest common factor of 1096 and 83159?
137
What is the highest common factor of 31 and 205096?
31
What is the greatest common divisor of 64 and 1312?
32
Calculate the highest common divisor of 306 and 140046.
102
What is the highest common factor of 267112 and 579?
193
What is the highest common divisor of 41261 and 341?
341
What is the greatest common factor of 15180 and 775?
5
What is the greatest common factor of 42592 and 4256?
32
Calculate the greatest common divisor of 5106 and 7252.
74
What is the highest common divisor of 214305 and 65?
65
Calculate the highest common divisor of 1484 and 21836.
212
Calculate the highest common factor of 87538 and 1078.
22
Calculate the greatest common factor of 628976 and 304.
304
What is the highest common divisor of 7164 and 450?
18
What is the highest common divisor of 1453331 and 11?
11
What is the highest common divisor of 256 and 197856?
32
What is the highest common factor of 713 and 12006?
23
Calculate the highest common factor of 19140 and 454256.
1276
Calculate the greatest common factor of 3483 and 3999.
129
What is the greatest common divisor of 5376 and 18?
6
Calculate the highest common factor of 16813 and 193715.
731
Calculate the highest common factor of 20 and 167516.
4
Calculate the highest common factor of 26 and 132002.
26
What is the highest common divisor of 229290 and 20?
10
What is the highest common factor of 173 and 4478797?
173
What is the highest common factor of 3605 and 38885?
35
Calculate the highest common divisor of 21 and 30079.
7
Calculate the greatest common divisor of 89036 and 4.
4
What is the highest common divisor of 32 and 271360?
32
What is the highest common divisor of 5189301 and 351?
117
Calculate the highest common divisor of 338 and 4147.
13
Calculate the greatest common divisor of 540 and 134892.
108
Calculate the greatest common divisor of 837 and 18631.
31
What is the greatest common factor of 61494 and 12?
6
What is the greatest common divisor of 21060 and 77610?
390
What is the highest common factor of 21127 and 222?
37
What is the greatest common factor of 453 and 132729?
453
What is the highest common divisor of 912 and 7344?
48
Calculate the highest common divisor of 445 and 26255.
445
Calculate the greatest common factor of 3456 and 37260.
108
What is the greatest common divisor of 6140 and 61700?
20
What is the highest common factor of 4025 and 645725?
575
Calculate the greatest common factor of 197366 and 104.
26
What is the highest common factor of 3248 and 1508?
116
What is the highest common divisor of 92649 and 17622?
267
What is the greatest common factor of 59230 and 320?
10
What is the highest common divisor of 741 and 18297?
57
Calculate the greatest common divisor of 1048494 and 18.
6
What is the greatest common divisor of 1562228 and 8?
4
What is the highest common divisor of 1054 and 23746?
62
Calculate the greatest common divisor of 35072 and 2.
2
Calculate the highest common divisor of 2788 and 867.
17
What is the greatest common divisor of 1144 and 1474?
22
What is the highest common factor of 476 and 1792?
28
Calculate the greatest common factor of 2652750 and 1890.
270